7. Let o(t) = g*z(t) + 13*k(t). Calculate o(f).
-6
Let b be 48/(-20)*10/(-4). Let c(v) = v. Let j(q) = -q**3 + 39*q + 0 + 5*q**2 + 5 - 41*q. Let g(d) = -4*c(d) - j(d). What is g(b)?
19
Let k(q) be the third derivative of q**6/120 + 11*q**5/30 + 7*q**4/8 - q**3 + 1501*q**2. What is k(-21)?
-6
Let p(b) be the first derivative of -b**2 + 16*b - 601. Determine p(-11).
38
Let l(x) = -18*x + 401. Let k be l(24). Let r(q) = q**3 + 29*q**2 - 63*q - 27. Calculate r(k).
4
Let a(z) = 4*z**3 - 13*z**2 + 90. Let r(u) = -5*u**3 + 14*u**2 - u - 107. Let n(j) = -6*a(j) - 5*r(j). Give n(-8).
-45
Let m(u) = 15*u - 61. Let a(r) = -5*r**3 - 21*r**2 - 99*r - 375. Let d be a(-4). What is m(d)?
14
Let c = -11 + 16. Suppose 2*g - c*a + 15 = -3*g, 4*g = -2*a - 6. Let v(u) = -7*u**2 + 1. Determine v(g).
-27
Let b be (14/(-3))/2*-3. Let p(u) = u**2 - 9*u + 17. Determine p(b).
3
Let y(i) = 0*i - i + 16*i + 2 - 15 - i**2 + 0*i**2. Let a be y(14). Let t(m) = -11*m**2 - m + 2. Determine t(a).
-10
Let p be 1/(-3) + (-24)/9. Let a(l) = -2*l - 2. Suppose -2*n + 5 = -r, -4*n + 20 = 2*r - 6*r. Let b(u) = -4*u - 4. Let k(o) = r*a(o) + 3*b(o). What is k(p)?
4
Let i = -88 + 88. Suppose 4*j = -24 - i. Let r(t) = -3. Let m(y) = y + 10. Let k(u) = -3*m(u) - 8*r(u). Give k(j).
12
Let z be (69/9 - 5)*(-3)/(-2). Suppose 0 = -c + 9*t - 6*t + 12, 0 = c + z*t - 5. Let r(b) = b - 14. Determine r(c).
-5
Let d(l) = 50 - 43 - 507 + 56*l. What is d(9)?
4
Let x(t) = -t**3 - 1016*t**2 - 10*t + 1014*t**2 - 8*t - 2 + 18*t. Calculate x(-3).
7
Let q(l) = l - 22. Suppose 31*y - 32*y - 4*a = -13, -103 = -4*y + a. Let f be q(y). Let w(b) = b**3 + 2*b**2 - 5*b + 4. Give w(f).
34
Let j(d) = 262*d - 245. Let h be j(1). Let o(c) = c - 1. Let x be o(4). Suppose h = x*i + f + 7, 2*i + 16 = 5*f. Let s(q) = -3*q + 1. Give s(i).
-5
Let l be (-7)/((-14)/6) - -5. Let t(b) = -2*b**2 + 5*b + 3. Let i be t(2). Let a(z) = 5*z**2 - 22*z**2 + 16*z**2 - i*z + 5 + 12*z. Give a(l).
-3
Let l(w) = w**3 + 5*w**2 + 9*w + 8. Let g(c) = -c**3 - 4*c**2 - 9*c - 8. Let v(r) = 4*g(r) + 5*l(r). Let z be (-86)/10 - 9/(-15). Calculate v(z).
0
Let w(x) = x**2 + 3*x. Let d = -8 + 18. Suppose -8*h = -3*h - d. Let a be h/(-14) - (-60)/(-21). Give w(a).
0
Let s(t) be the first derivative of 5*t**3/3 - 18*t**2 - 69*t - 24. Let x(j) = -j**2 + 9*j + 17. Let f(o) = -2*s(o) - 9*x(o). Calculate f(-6).
3
Let v(l) = -l**2 - 75*l - 460. Let k be v(-7). Let u(d) be the third derivative of 0*d + k*d**2 + 0 - 2/3*d**3 - 1/6*d**4. Calculate u(4).
-20
Let a be (90 + -92)/(1/(-2)) - 2. Let x(p) be the third derivative of p**5/30 + p**4/8 - p**3/6 + 16*p**2. What is x(a)?
13
Let b(l) = 2*l - 10. Suppose 35*f = 40*f + 60. Let x be 7 + (-10)/(-4)*f/15. What is b(x)?
0
Let k(j) = 36*j**2 + 7*j + 10. Let i(a) = 4*a**2 + a + 2. Let f(d) = 6*i(d) - k(d). Determine f(-2).
-44
Let j(b) = 2*b + 39. Let s = -1545 - -1538. Calculate j(s).
25
Let x(m) be the first derivative of 8*m + 136 + m**3 - 1/4*m**4 + 3/2*m**2. What is x(4)?
4
Let o(p) = -1 - 6594578*p**3 + 3*p - 2*p + 3*p**2 + 6594579*p**3. Let v be 44/6 - (-4)/6. Let n = v - 11. What is o(n)?
-4
Let t(m) = 14*m**2 - 35*m + 47. Let n(r) = -3*r**2 + 9*r - 12. Let a(u) = -9*n(u) - 2*t(u). Determine a(-12).
2
Let g(a) = -a - 11. Let m(z) be the first derivative of 2*z**2 + 55*z + 151. Let t be m(-15). What is g(t)?
-6
Let s be 7/(-14)*44/(-1). Let h be (-10)/(-55) + 84/s. Suppose m - 3*r - 1 = 0, -5*m = -r + h + 19. Let c(n) = -n**3 - 4*n**2 + 2*n - 6. Give c(m).
9
Let d(v) = 11*v + 5. Suppose 4*z + 128*m - 131*m = -33, -m = -3. Calculate d(z).
-61
Let h(g) be the first derivative of g**4/4 + 10*g**3/3 + 17*g**2/2 + 5*g + 1055. Calculate h(-9).
-67
Let p(d) = d**3 - 2*d**2 + 3*d - 37. Suppose -2*b - 152 = -20*v, 5*b + 62 = -3*v + 106. Calculate p(b).
7
Let j(b) = 34*b**2 + 180*b + 62. Let l(a) = 50*a**2 + 269*a + 88. Let t(z) = 7*j(z) - 5*l(z). Calculate t(-7).
1
Let i be 2 - 25 - 5*(7 + -9). Let h(u) = 13*u + 174. Determine h(i).
5
Let s(c) be the first derivative of 2*c**2 - 32*c - 661. Determine s(15).
28
Let z = -723 - -723. Let o(m) = m**3 + m - 52. Give o(z).
-52
Let j(p) = p**3 - 17*p**2 - 17*p - 18. Let t(h) = -h**3 + 17*h**2 + 14*h + 18. Let f(g) = 4*j(g) + 5*t(g). Calculate f(17).
52
Suppose 12 = 4*t - 3*s, 7*s - 4*s = -5*t + 15. Let n be 24*(2 + (-1)/(t/5)). Let i(x) = x**3 - 9*x**2 + 9*x + 5. Determine i(n).
13
Suppose -10 = -8*w + 86. Let m(u) = 2*u - 15*u + 11*u + w. Determine m(9).
-6
Let b(t) be the second derivative of -t**4/6 - 2*t**3/3 - 3*t**2 + 37139*t. Let l be 46/(-11) - 6/(-33). Determine b(l).
-22
Let y(l) = -2*l**2 + 0*l**3 + 2*l + 1 + 2*l**3 + 3*l**2. Suppose 12*v - 13 - 11 = 0. Suppose 4*x = -8, 2*x + v = -99*k + 101*k. Give y(k).
-2
Suppose -w = -0*w - 2, 0 = -4*g - 4*w + 2116. Let m = 538 - g. Let f(y) = -2*y**2 + 20*y + 19. Calculate f(m).
-3
Let c(r) = -2*r + 9. Let q(p) = -12*p + 50. Let x(j) = -17*c(j) + 3*q(j). Determine x(-12).
21
Let t = -436 + 438. Let g(s) = 17*s - 2. Let q(r) = 24*r - 1. Let f(h) = -3*g(h) + 2*q(h). Determine f(t).
-2
Let m(j) = j**3 + 3*j**2 - 2*j + 36. Let t(l) = -l**3 + 3*l**2 + 18*l - 45. Let w be t(5). Let y be m(w). Let q(p) = -p**2 - p + 7. What is q(y)?
-5
Let x(p) = 18377 - p**2 - 11*p + 18353 - 36718. What is x(-13)?
-14
Suppose 468 = 17*d + 9*d. Let h be (-3)/(6/(-14))*d/(-18). Let x(v) = -6*v - 8. Determine x(h).
34
Let t(b) = -b**2 + 11*b + 15. Let g(r) = -2*r**2 + 89*r - 933. Let s be g(27). Calculate t(s).
3
Let h(t) = -t + 1. Let m be (-2 - -1)*(-2533)/(-34)*-2. Let z = 153 - m. Calculate h(z).
-3
Let p(u) be the first derivative of -3*u**2/2 + 13*u + 2900. Give p(-3).
22
Let t be (-5)/(35/49)*4/(-14). Let k(w) = 4098*w**2 - 4100*w**2 + t*w**3 - 7*w**3 + 1. Give k(-1).
4
Let v = 47 - 29. Suppose -5*p + 3*g = -v, -g + 6 = p - 4*g. Let j(n) = -16 + 7 + 3*n**2 - n**p + 4 + 5*n**2. Determine j(8).
-5
Let b(z) be the third derivative of z**5/60 - 7*z**4/24 - 9*z**3/2 - 1250*z**2. Determine b(11).
17
Let f(z) be the third derivative of z**5/12 - z**4/12 - z**3/3 - 1180*z**2. Determine f(3).
37
Let h(o) = 22*o. Suppose -3428 = -7*a - 117. Suppose a*d = 481*d + 8. Give h(d).
-22
Let w(s) = 283*s**2 + 12735*s. Let v be w(-45). Let q(y) = y**3 + 3*y**2 + 13. Let r(p) = -p**3 - 4*p**2 - 13. Let b(a) = 5*q(a) + 4*r(a). Determine b(v).
13
Let z(u) = u**3 + 3*u + 18. Let m be z(0). Suppose 4*y - 22 = -m. Let w(p) = 3*p - 2. Let j be w(y). Let a(c) = -c**2 + c - 1. What is a(j)?
-1
Let o(u) = 109*u - 5. Let i(s) = 245*s - 9. Let n(w) = 4*i(w) - 9*o(w). Give n(-37).
46
Let y(z) = 2*z**2 - 4*z - 2. Suppose -3*f = -x + 29, -3*x + 35*f = 38*f + 21. Calculate y(x).
-2
Let o(v) = v**2 - 2*v - 2. Suppose 11 + 19 = 15*y. Let l(m) = m**2 - m - 3. Let j(a) = y*o(a) - 3*l(a). Determine j(0).
5
Let k be (2 - 3)*(-469 + -1). Let f = 475 - k. Let p(j) = -1 - j**3 + 0 + 6*j + 4*j**2 + 0*j**2. Determine p(f).
4
Suppose 18*p - 72 = -6*p. Let o(w) = -2*w**2 + 10*w - 9. Calculate o(p).
3
Let f(j) = 75*j**2 - 518*j - 32. Let u be f(7). Let r(x) = x - 23. Determine r(u).
-6
Let u(w) = -44*w**3 + 86*w**3 - 41*w**3 + w**2 - 12 + w - 8. Let g(p) = 4*p**3 + 5*p**2 + 4*p - 78. Let k(a) = -2*g(a) + 9*u(a). Calculate k(0).
-24
Let r(l) be the first derivative of -1/2*l**2 + 1 - 14*l. Let k(p) = -p**2 + 89*p + 366. Let t be k(-4). Calculate r(t).
-8
Let i(j) = 4*j - 11*j**3 - 2 + 2*j**2 + 3 - 2*j. Let y(f) = -12*f + 97. Let d be y(8). Let h be 0 + d + -4*2/4. Calculate i(h).
12
Let t(s) be the second derivative of -s**5/20 - s**4 - 4*s**3/3 + 8*s**2 + 1408*s. Give t(-11).
-17
Let f(o) = 15*o - 1. Let x be (12/(-8))/((-1)/(-18)). Let z be (32 + x)*(-4)/(-10). Determine f(z).
29
Let n be (476/(-35))/(((-130)/25)/13). Let m(l) = -2*l**2 + 70*l - 63. Give m(n).
5
Let y(p) = -48*p - 284. Let m be y(-6). Suppose 0 = 3*j - 2*w - 21, -2*j + m = -2*w - 12. Let o(r) = r**2 - r - 7. Calculate o(j).
13
Suppose 2*i = -8*i + 190. Let t(l) = -5*l**2 - 3*l + i - 10*l - l**3 + 14*l - 8. Let m be t(-5). Let f(y) = -3*y + 3. Give f(m).
-15
Let c(n) = -4*n + 33. Suppose 4*d = 4*x - 48, 2*x - 62 = 5*d - 8. Determine c(d).
73
Let n(t) be the first derivative of 22*t**4 + t**3/3 - t**2 + 2*t - 2045. Determine n(1).
89
Let c(f) = -f**3 - 5*f**2 - 4*f. Suppose 251*m - 495*m = -267*m - 92. Give c(m).
0
Let 